ate the greatest common divisor of 11655 and 285.
15
Calculate the highest common divisor of 92 and 39238.
46
What is the highest common divisor of 2380 and 14000?
140
What is the greatest common divisor of 3473024 and 344?
344
What is the highest common factor of 418 and 330011?
209
What is the highest common divisor of 6177 and 33?
3
What is the greatest common divisor of 109798 and 4?
2
What is the greatest common factor of 74533 and 219?
73
Calculate the greatest common factor of 211715 and 138.
23
What is the highest common divisor of 70265 and 1175?
235
What is the highest common divisor of 219412 and 19?
19
What is the greatest common factor of 704 and 173008?
176
Calculate the highest common factor of 650 and 3120.
130
What is the highest common factor of 328977 and 495?
99
Calculate the highest common divisor of 9448 and 232.
8
What is the highest common factor of 7471 and 148456?
241
What is the highest common divisor of 192 and 1458?
6
Calculate the highest common factor of 37823 and 2776.
347
What is the highest common factor of 1008 and 413424?
144
What is the greatest common factor of 12 and 18592?
4
What is the greatest common divisor of 135 and 438669?
27
What is the highest common divisor of 1914 and 6612?
174
Calculate the highest common divisor of 117 and 212602.
13
Calculate the greatest common divisor of 54821 and 364.
13
What is the greatest common factor of 188917 and 1467?
163
Calculate the highest common factor of 7 and 3319.
1
Calculate the highest common divisor of 150 and 32120.
10
Calculate the greatest common divisor of 254 and 695071.
127
Calculate the highest common divisor of 726 and 2207040.
726
Calculate the greatest common factor of 4686 and 7458.
66
Calculate the greatest common factor of 372 and 972.
12
Calculate the greatest common factor of 1077 and 483.
3
Calculate the greatest common divisor of 36332 and 251980.
1172
What is the greatest common divisor of 125912 and 8?
8
Calculate the greatest common factor of 377052 and 91.
13
Calculate the highest common divisor of 104961 and 5133.
177
Calculate the greatest common factor of 4808715 and 339.
339
Calculate the highest common factor of 168176 and 368.
368
Calculate the greatest common divisor of 3936 and 188160.
96
Calculate the greatest common divisor of 1866950 and 50.
50
Calculate the greatest common divisor of 3178 and 9954.
14
What is the highest common divisor of 154 and 566258?
154
Calculate the highest common divisor of 2502 and 21545.
139
What is the highest common divisor of 7318899 and 63?
63
Calculate the greatest common divisor of 424 and 269.
1
Calculate the highest common factor of 3710 and 34344.
106
Calculate the greatest common factor of 654 and 2010.
6
What is the highest common divisor of 21 and 7203?
21
What is the greatest common factor of 504 and 115308?
36
Calculate the highest common divisor of 5362 and 252.
14
What is the highest common factor of 600 and 109608?
24
What is the highest common factor of 301 and 3149363?
301
Calculate the greatest common factor of 5249 and 1363.
29
Calculate the greatest common factor of 18 and 9412.
2
Calculate the highest common divisor of 505 and 75851.
101
What is the greatest common factor of 9467937 and 313?
313
Calculate the highest common factor of 37439 and 290.
29
Calculate the highest common divisor of 599957 and 4169.
379
Calculate the greatest common divisor of 175389 and 31008.
969
What is the highest common divisor of 4896 and 43812?
36
What is the highest common divisor of 494132 and 164?
164
Calculate the highest common factor of 495 and 256545.
45
Calculate the greatest common factor of 174 and 666014.
58
What is the highest common divisor of 103040 and 35?
35
Calculate the greatest common divisor of 8108259 and 69.
69
What is the highest common divisor of 4800 and 5568?
192
What is the greatest common divisor of 3630 and 5973?
33
What is the greatest common factor of 1280 and 71240?
40
Calculate the greatest common divisor of 42312 and 430.
86
What is the highest common factor of 112 and 67704?
56
What is the highest common divisor of 9447 and 201?
201
What is the highest common factor of 88580 and 620?
20
What is the greatest common factor of 35 and 1051883?
7
Calculate the highest common divisor of 747150 and 60.
30
What is the highest common divisor of 2247688 and 4584?
1528
Calculate the greatest common divisor of 71592 and 5016.
456
Calculate the greatest common factor of 888 and 259.
37
What is the greatest common divisor of 2022848 and 64?
64
What is the greatest common factor of 3192 and 2100?
84
Calculate the greatest common divisor of 4360 and 2680.
40
Calculate the greatest common divisor of 979 and 396.
11
What is the greatest common divisor of 2912570 and 10?
10
What is the greatest common factor of 451 and 1517?
41
What is the greatest common divisor of 114 and 119662?
38
Calculate the highest common factor of 1278 and 20874.
426
What is the greatest common factor of 8 and 36052?
4
What is the greatest common divisor of 1320919 and 53?
53
What is the greatest common factor of 1935 and 57147?
129
What is the greatest common factor of 3190806 and 222?
222
What is the greatest common divisor of 134413 and 139?
139
What is the highest common factor of 29300 and 3300?
100
Calculate the highest common divisor of 46225 and 17845.
215
Calculate the highest common factor of 35964 and 729.
243
What is the highest common divisor of 54 and 14661?
27
Calculate the greatest common factor of 209022 and 4422.
66
Calculate the highest common factor of 12 and 5878.
2
What is the highest common divisor of 346 and 965513?
173
What is the greatest common divisor of 377494 and 26?
26
Calculate the greatest common factor of 63064 and 24.
8
Calculate the highest common divisor of 81 and 88047.
81
Calculate the greatest common divisor of 3099349 and 3278.
1639
What is the greatest common factor of 10240 and 188960?
160
What is the highest common divisor of 25385 and 5?
5
What is the greatest common divisor of 423 and 2169?
9
What is the greatest common divisor of 706192 and 808?
808
Calculate the highest common divisor of 42903 and 567.
189
Calculate the greatest common factor of 1047879 and 21.
21
Calculate the greatest common divisor of 9222 and 424.
106
What is the highest common factor of 92 and 463795?
23
Calculate the greatest common divisor of 791 and 37177.
791
Calculate the highest common divisor of 117500 and 125.
125
What is the highest common divisor of 18667 and 1001?
11
Calculate the greatest common divisor of 4134 and 1404.
78
What is the greatest common factor of 146091 and 1045?
209
Calculate the greatest common divisor of 30 and 211965.
15
What is the greatest common factor of 12 and 1032210?
6
Calculate the highest common factor of 88 and 6184.
8
Calculate the greatest common divisor of 1300 and 37340.
20
What is the greatest common factor of 214 and 62809?
107
What is the greatest common factor of 2024161 and 69?
23
Calculate the greatest common divisor of 4017 and 1482.
39
What is the highest common divisor of 13620 and 1020?
60
What is the greatest common factor of 160 and 5920?
160
What is the highest common factor of 6470 and 10?
10
What is the greatest common factor of 450155 and 10?
5
Calculate the highest common factor of 110760 and 182.
26
Calculate the greatest common divisor of 10388 and 466480.
196
Calculate the greatest common divisor of 3886 and 12847.
29
What is the greatest common factor of 9313 and 10981?
139
Calculate the greatest common factor of 148168 and 8.
8
What is the highest common factor of 5519577 and 119?
119
What is the highest common factor of 52939 and 167?
167
What is the greatest common divisor of 891 and 19921?
11
Calculate the greatest common divisor of 776 and 858353.
97
Calculate the greatest common divisor of 146 and 552172.
146
What is the greatest common factor of 343 and 1267?
7
Calculate the highest common factor of 23859 and 8712.
99
What is the greatest common divisor of 196 and 55517?
49
Calculate the highest common divisor of 404 and 46.
2
What is the greatest common divisor of 1929 and 404447?
643
What is the highest common divisor of 23051 and 1513?
89
What is the highest common divisor of 3784 and 4257?
473
What is 